 h be (-162)/(-15) + 3 + 1/5. What is the highest common divisor of h and x?
14
Let k(m) = -m**3 + 6*m**2 - 3*m + 1. Let g be k(5). Calculate the greatest common factor of g and 110.
11
Let t(j) = j**2 - 5. Let i be t(-5). What is the highest common factor of i and 2?
2
Suppose 2*c = -8*c + 70. Calculate the greatest common factor of 63 and c.
7
Suppose 2*v = 2*r + 4*v - 144, 0 = r - v - 66. What is the greatest common factor of r and 3?
3
Let u be ((-1)/(-2))/(4*(-2)/(-896)). What is the greatest common factor of u and 196?
28
Suppose 10*i - 40 = 6*i. Let j(r) = 2*r**2 + 2*r - 2. Let o be j(-2). What is the highest common factor of o and i?
2
Let b be (-2 - -1)*(3 - 10). Let t be (-1)/5 + 164/20. Suppose 5*o + t = 148. Calculate the highest common divisor of b and o.
7
Let n = 10 + 10. Let c = -16 + n. Let l be (-2)/4 + (-34)/(-4). What is the greatest common divisor of l and c?
4
Let d(u) = 2*u**2 - 4*u - 2. Let z be d(4). Let i be (44/6)/(8/(-48)). Let j = i - -86. What is the highest common factor of z and j?
14
Let d(j) = 7*j**3 - 2*j**2 + j - 8. Let h(o) = 3*o**3 - o**2 - 4. Let c(k) = -2*d(k) + 5*h(k). Let z be c(4). What is the highest common divisor of z and 9?
9
Let m be 3 - ((-81)/36)/((-2)/(-8)). Calculate the highest common factor of m and 4.
4
Suppose 9*y + 0*y - 117 = 0. What is the greatest common divisor of y and 117?
13
Suppose 0*q = -q + 326. Suppose 3*w - q - 10 = 0. Let j be 4/6*(-24)/(-1). What is the highest common divisor of w and j?
16
Let t be -3*1*(-4)/(-12). Let r be 109 + (t - (-2 - 0)). Suppose 2*p = -3*p + 50. What is the highest common factor of p and r?
10
Let m = 31 + -7. Suppose 0 = -5*u + 24 + 16. What is the highest common factor of m and u?
8
Let q be 2598/27 - (-8)/(-36). Calculate the highest common divisor of q and 12.
12
Let l = 59 - 23. Calculate the greatest common factor of 4 and l.
4
Let x(f) = 16*f**2 + 3*f - 2. Let i be x(-2). Calculate the highest common divisor of 7 and i.
7
Suppose 0*u - 4*u + 52 = 0. What is the highest common divisor of 26 and u?
13
Let c(h) be the first derivative of -2*h - 3 - 3/2*h**2 + 1/4*h**4 + 1/3*h**3. Let k be c(3). Calculate the highest common divisor of k and 10.
5
Suppose -3*c = 2*c - 760. Suppose 3*x - c = 145. Suppose -5*v - 3 = -2*p + x, -3*v - 6 = 0. What is the greatest common factor of p and 115?
23
Suppose -5*a + 15 = 2*w, 0*w + a = w - 11. What is the greatest common divisor of w and 110?
10
Let t be (6/3)/10 + (-19)/(-5). Suppose 5*u = u - 3*s + 9, 5*u - 20 = -2*s. Calculate the greatest common divisor of u and t.
2
Let h be (0 - -2)/4*30. Let b(w) = w - 9. Let i be b(16). Let j(t) = t**2 - 6*t - 4. Let f be j(i). What is the greatest common divisor of h and f?
3
Suppose 0 = -2*b - 2, a + 2*b - 15 = 19. Let j = 18 + -16. Suppose 3*g + 40 = 7*g - u, -35 = -3*g + j*u. What is the highest common factor of g and a?
9
Let n = 27 + -20. What is the highest common factor of 49 and n?
7
Let p be (-28)/(2*2/(-22)). Let c(a) = 2*a**2 + 4. Let h be c(3). What is the greatest common factor of h and p?
22
Let o(v) = 18*v**2 - v + 1. Let l be o(1). Calculate the highest common factor of l and 54.
18
Let y be (-2254)/(-18) - (1 - (-14)/(-18)). Calculate the greatest common divisor of y and 50.
25
Let a = -2 - -4. Suppose 268 = 2*o + a*i, -o - 3*o + 3*i + 529 = 0. Calculate the highest common divisor of o and 19.
19
Let o be (116/8)/((-1)/(-50)). Let b be (-1)/3 + o/15. What is the greatest common factor of b and 16?
16
Suppose -2*w = -10*w + 32. Suppose 0 = d + 3*d - 4. What is the greatest common factor of d and w?
1
Let u be 2/(-4)*(-28)/1. Suppose -4*i + 65 = 3*h, -2*i + i = -4*h - 2. Calculate the greatest common factor of i and u.
14
Let k = 45 + -35. Suppose 0 = 5*n - 15, 0 = v + 7*n - 3*n - 52. Calculate the greatest common factor of k and v.
10
Let j = 5 - 3. What is the greatest common divisor of j and 16?
2
Suppose 3*f - 2*f + 3*m - 10 = 0, 5*f - m = 2. Suppose 0 = 5*d - 20, 3*c + f - 17 = 2*d. Calculate the highest common divisor of 56 and c.
8
Let x be 172 - ((-3)/(-12) + (-3)/(-4)). Calculate the highest common factor of 19 and x.
19
Let i = 40 - 27. Calculate the highest common factor of i and 104.
13
Suppose 5*c = 4*n - 0*n + 14, -2*c + 3 = n. What is the greatest common factor of 16 and c?
2
Suppose 0 = -4*b + 4*i + 192, 5*b - 115 = -2*i + 132. Calculate the greatest common factor of b and 147.
49
Let a = 112 - 78. What is the highest common divisor of 51 and a?
17
Suppose -12*h + 25 + 47 = 0. Calculate the greatest common factor of 3 and h.
3
Let f(u) = -u. Let d be f(-5). Let p(z) = z**3 - 3*z**2 + 2. Let i be p(2). Let x be i - 6*(-2)/4. Calculate the highest common factor of d and x.
1
Let g(b) = b**3 - 6*b**2 + 3*b + 3. Suppose 3*a = -6 + 18. Let l be g(a). Let u = -12 - l. What is the greatest common divisor of u and 5?
5
Let f(x) = -x + 3. Let u be f(7). Let q be 118/(-4)*(-1 + -1). Let i be q - (2 - (-1 - u)). Calculate the highest common divisor of 12 and i.
12
Let q be 4/(-16) + (-42)/(-8). Let c be 5/2 - (-3)/6. Suppose 3*w = -5*t + 213, -t + 192 = c*t - 3*w. What is the highest common divisor of q and t?
5
Suppose 5*q = 1 + 9. Let m be 88 + (2 - (8 - q)). Let n(u) = 11*u**2 + 1. Let s be n(1). Calculate the highest common divisor of m and s.
12
Let a(z) = z**2 + 5*z - 3. Let r be a(-7). Let m = -1 - -14. Suppose -178 = -3*u - m. What is the highest common factor of r and u?
11
Let n = -19 + 32. Let p(h) = 39*h**2 + h + 1. Let d be p(-1). Calculate the greatest common divisor of d and n.
13
Let u = -1 + 1. Suppose u = -4*g - 1611 + 587. Let q be g/(-14) + (-2)/7. What is the highest common factor of q and 6?
6
Let p(r) be the first derivative of 2*r**3/3 - 2*r**2 - 4*r + 3. Let x be p(-2). What is the greatest common divisor of 4 and x?
4
Let h(d) = 238*d**3. Let r be h(1). Calculate the highest common divisor of r and 34.
34
Let v(p) = -p - 1. Suppose 5*o = -4*x - 4, 4*x + 3*o + o = -8. Let u be v(x). Calculate the highest common divisor of u and 10.
5
Suppose 3*n - 1456 = z, z = -3*n - 2*z + 1440. Suppose 0 = -2*j - 0*j + n. What is the highest common factor of 22 and j?
22
Let o be (-8)/4*1*-2. Suppose -o*v + 9*v = 275. Calculate the greatest common divisor of 5 and v.
5
Suppose 0 = 2*f + f - 360. Let p(a) = -4*a - 1 + 2 - 6. Let w be p(-5). What is the highest common factor of f and w?
15
Let x(f) = -f. Let z = 3 - 3. Suppose -3*s + k - 12 = 0, 0*k - k - 3 = z. Let b be x(s). Calculate the greatest common factor of b and 10.
5
Let q = -3 + 3. Suppose j + 4*n + n = -14, q = -5*j - n - 190. Let d be (-1)/(-4) + j/(-4). What is the highest common divisor of d and 80?
10
Suppose 0 = 5*g - 0*g - 170. Let h be 20/15*g*3. Calculate the highest common factor of 17 and h.
17
Let x(t) = -2*t + 4. Let k be x(2). Suppose k*n + 13 = n. What is the greatest common divisor of n and 130?
13
Let y(f) = 3*f + 3. Let b be y(7). Calculate the highest common divisor of b and 96.
24
Let z = 6 - -8. Let n(d) = -6*d. Let r be n(-1). Suppose r + 29 = v. Calculate the highest common divisor of v and z.
7
Let i = 6 - 6. Suppose 3*j + 6 = -i. Let y = 10 + j. Calculate the highest common divisor of y and 1.
1
Suppose 2*z - 622 = g - 6*g, -z = -3*g + 382. Calculate the greatest common divisor of 18 and g.
18
Let x be ((-27)/(-45))/((-1)/(-5)). Let l be -7*x/(9/(-6)). Let j(q) = 2*q**2 - 7*q - 2. Let w be j(-6). Calculate the greatest common factor of l and w.
14
Let l be 68/(-7) - (-28)/(-98). Let v be (0 + -5)*(-8)/10. Let g be (-24)/20*l/v. Calculate the highest common divisor of g and 15.
3
Suppose -3*w = -p - 23, -w + 35 = 3*w + 3*p. Suppose 77 = b - 5. Suppose -3*h - b = -i, -2*i - 86 = -3*i + h. What is the highest common factor of w and i?
8
Let l be 486/(-12)*(-8)/12. Calculate the highest common divisor of 9 and l.
9
Suppose -701 = -2*r - b, -4*r + 707 = -2*r - b. What is the highest common factor of r and 32?
32
Suppose 3*i = -k - 277, -5*i + 2*k + 2*k - 456 = 0. Let f be 2/6 - i/12. Let l(j) = -2*j + 2. Let d be l(-3). Calculate the highest common divisor of d and f.
8
Suppose x - 5*x + 44 = 0. Let f be -242*(-1 - (-4)/8). What is the greatest common factor of x and f?
11
Let i(u) = u**2 + 2*u + 1. Let b be i(-3). Let o be 48 - (2 + b)/2. Let j = -28 -